{"id":926,"date":"2020-11-07T10:49:40","date_gmt":"2020-11-07T09:49:40","guid":{"rendered":"https:\/\/keevisual.de\/store\/?page_id=926"},"modified":"2023-08-16T11:43:22","modified_gmt":"2023-08-16T09:43:22","slug":"ueber-mich","status":"publish","type":"page","link":"https:\/\/keevisual.de\/store\/ueber-mich\/","title":{"rendered":"\u00dcber mich"},"content":{"rendered":"\n<figure class=\"wp-block-gallery has-nested-images columns-default is-cropped wp-block-gallery-1 is-layout-flex wp-block-gallery-is-layout-flex\">\n<figure class=\"wp-block-image size-large\"><img loading=\"lazy\" decoding=\"async\" width=\"683\" height=\"1024\" data-id=\"954\" src=\"https:\/\/keevisual.de\/store\/wp-content\/uploads\/2020\/11\/FG1_2189-683x1024.jpg\" alt=\"\" class=\"wp-image-954\" srcset=\"https:\/\/keevisual.de\/store\/wp-content\/uploads\/2020\/11\/FG1_2189-683x1024.jpg 683w, https:\/\/keevisual.de\/store\/wp-content\/uploads\/2020\/11\/FG1_2189-200x300.jpg 200w, https:\/\/keevisual.de\/store\/wp-content\/uploads\/2020\/11\/FG1_2189-768x1152.jpg 768w, https:\/\/keevisual.de\/store\/wp-content\/uploads\/2020\/11\/FG1_2189-1024x1536.jpg 1024w, https:\/\/keevisual.de\/store\/wp-content\/uploads\/2020\/11\/FG1_2189-1365x2048.jpg 1365w, https:\/\/keevisual.de\/store\/wp-content\/uploads\/2020\/11\/FG1_2189-416x624.jpg 416w, https:\/\/keevisual.de\/store\/wp-content\/uploads\/2020\/11\/FG1_2189-scaled.jpg 1707w\" sizes=\"auto, (max-width: 683px) 100vw, 683px\" \/><\/figure>\n\n\n\n<figure class=\"wp-block-image size-large\"><img loading=\"lazy\" decoding=\"async\" width=\"683\" height=\"1024\" data-id=\"953\" src=\"https:\/\/keevisual.de\/store\/wp-content\/uploads\/2020\/11\/FG1_2199-683x1024.jpg\" alt=\"\" class=\"wp-image-953\" srcset=\"https:\/\/keevisual.de\/store\/wp-content\/uploads\/2020\/11\/FG1_2199-683x1024.jpg 683w, https:\/\/keevisual.de\/store\/wp-content\/uploads\/2020\/11\/FG1_2199-200x300.jpg 200w, https:\/\/keevisual.de\/store\/wp-content\/uploads\/2020\/11\/FG1_2199-768x1152.jpg 768w, https:\/\/keevisual.de\/store\/wp-content\/uploads\/2020\/11\/FG1_2199-1024x1536.jpg 1024w, https:\/\/keevisual.de\/store\/wp-content\/uploads\/2020\/11\/FG1_2199-1366x2048.jpg 1366w, https:\/\/keevisual.de\/store\/wp-content\/uploads\/2020\/11\/FG1_2199-416x624.jpg 416w, https:\/\/keevisual.de\/store\/wp-content\/uploads\/2020\/11\/FG1_2199-scaled.jpg 1707w\" sizes=\"auto, (max-width: 683px) 100vw, 683px\" \/><\/figure>\n<figcaption class=\"blocks-gallery-caption wp-element-caption\">copyright: Nadine Schwarz &#8211; Fotogenial<\/figcaption><\/figure>\n\n\n\n<h2 class=\"wp-block-heading\">Kurzer Einblick im Podcast<\/h2>\n\n\n\n<figure class=\"wp-block-embed is-type-rich is-provider-spotify wp-block-embed-spotify wp-embed-aspect-21-9 wp-has-aspect-ratio\"><div class=\"wp-block-embed__wrapper\">\n<iframe title=\"Spotify Embed: Love\u2019N\u2019Hate (#109) - Zu Gast: Keevisual \u00fcber KI in der Designbranche und Respekt f\u00fcr Grafiker\" style=\"border-radius: 12px\" width=\"100%\" height=\"152\" frameborder=\"0\" allowfullscreen allow=\"autoplay; clipboard-write; encrypted-media; fullscreen; picture-in-picture\" loading=\"lazy\" src=\"https:\/\/open.spotify.com\/embed\/episode\/4kBKzuLgM0oXzqnFtEIRFA?si=6gDkvSxjScCY_1Wy2WoGtw&#038;utm_source=oembed\"><\/iframe>\n<\/div><\/figure>\n\n\n\n<h2 class=\"wp-block-heading\">Zu meiner Person<\/h2>\n\n\n\n<p>Geboren 1979 und am Anfang war die Musik, dann die eigene Kreativit\u00e4t. <strong>Als Kind der 90er war die Bindung zu HipHop aus der Zeit sehr stark.<\/strong> Und diese enge Bindung blieb \u00fcber all die Jahre hinweg bestehen. Nach dem die eigene Findungsphase abgeschlossen  war und das  Eintauchen in die Welt des Grafikdesigns in einer Agentur, kam eins zum anderen. Die erlangten F\u00e4higkeiten habe ich dann f\u00fcr die Faszination urbane Musik, Sport und Streetart eingesetzt. Zum eigenen \u00dcberraschen kam es soweit, dass ich in der Szene wahr genommen wurde. Unter anderem von<strong> K\u00fcnstler wie Torch, Toni L, Sleepwalker, DJ Robert Smith, DJ Eule, D-Flame und Afrob<\/strong>. Mit all diese genannten K\u00fcnstler durfte ich zusammenarbeiten. Auch gr\u00f6\u00dfere Projekte wie f\u00fcr Backspin x Porsche und Club of 35 X Adidas kamen auf mich zu. Und diese ganzen einzelnen Elemente und das extrem positive Feedback und Vertrauen, aus der Szene, haben mich zu diesem Shop gef\u00fchrt.<\/p>\n\n\n\n<p><strong>Ich w\u00fcrde mich freuen wenn auch du meine Arbeit und meinen Vibe supportest.<\/strong><\/p>\n\n\n\n<p>Peace out and stay creative<br>Carsten<\/p>\n","protected":false},"excerpt":{"rendered":"<p>Kurzer Einblick im Podcast Zu meiner Person Geboren 1979 und am Anfang war die Musik, dann die eigene Kreativit\u00e4t. Als Kind der 90er war die Bindung zu HipHop aus der Zeit sehr stark. Und diese enge Bindung blieb \u00fcber all die Jahre hinweg bestehen. Nach dem die eigene Findungsphase abgeschlossen war und das Eintauchen in [&hellip;]<\/p>\n","protected":false},"author":1,"featured_media":0,"parent":0,"menu_order":0,"comment_status":"closed","ping_status":"closed","template":"","meta":{"footnotes":""},"class_list":["post-926","page","type-page","status-publish","hentry"],"jetpack_sharing_enabled":true,"_links":{"self":[{"href":"https:\/\/keevisual.de\/store\/wp-json\/wp\/v2\/pages\/926","targetHints":{"allow":["GET"]}}],"collection":[{"href":"https:\/\/keevisual.de\/store\/wp-json\/wp\/v2\/pages"}],"about":[{"href":"https:\/\/keevisual.de\/store\/wp-json\/wp\/v2\/types\/page"}],"author":[{"embeddable":true,"href":"https:\/\/keevisual.de\/store\/wp-json\/wp\/v2\/users\/1"}],"replies":[{"embeddable":true,"href":"https:\/\/keevisual.de\/store\/wp-json\/wp\/v2\/comments?post=926"}],"version-history":[{"count":9,"href":"https:\/\/keevisual.de\/store\/wp-json\/wp\/v2\/pages\/926\/revisions"}],"predecessor-version":[{"id":1735,"href":"https:\/\/keevisual.de\/store\/wp-json\/wp\/v2\/pages\/926\/revisions\/1735"}],"wp:attachment":[{"href":"https:\/\/keevisual.de\/store\/wp-json\/wp\/v2\/media?parent=926"}],"curies":[{"name":"wp","href":"https:\/\/api.w.org\/{rel}","templated":true}]}}