{"id":1675,"date":"2023-08-15T22:33:02","date_gmt":"2023-08-15T20:33:02","guid":{"rendered":"https:\/\/keevisual.de\/store\/produkt\/faces-of-rap-logo-shirt\/"},"modified":"2023-08-15T22:33:38","modified_gmt":"2023-08-15T20:33:38","slug":"faces-of-rap-logo-shirt","status":"publish","type":"product","link":"https:\/\/keevisual.de\/store\/produkt\/faces-of-rap-logo-shirt\/","title":{"rendered":"Faces Of Rap Logo Shirt"},"content":{"rendered":"<p>Zeig der Welt, dass du ein echter HipHop-Fan bist mit diesem T-Shirt von Faces Of Rap. Das T-Shirt ist aus hochwertigem Baumwollstoff gefertigt und hat ein cooles Logo mit den Gesichtern der gr\u00f6\u00dften HipHop-Stars aller Zeiten. Ob du ein Fan von Tupac, Biggie, Eminem oder Jay-Z bist, dieses T-Shirt ist das perfekte Geschenk f\u00fcr dich.<br \/>\n&#8212;&#8212;&#8212;-<br \/>\nAus 100 % organischer, ringgesponnener Baumwolle: dieses Unisex T-Shirt ist ein absolutes Must-Have. Es ist qualitativ hochwertig, super bequem und das Beste von allem: umweltfreundlich.<\/p>\n<p>\u2022 100 % organische, ringgesponnene Baumwolle<br \/>\n\u2022 Stoffgewicht: 180 g\/m\u00b2<br \/>\n\u2022 Single Jersey<br \/>\n\u2022 Medium-Fit<br \/>\n\u2022 Eingesetzte \u00c4rmel<br \/>\n\u2022 1\u00d71 Ripp am Kragen<br \/>\n\u2022 Breite Doppelnaht an den \u00c4rmeln und dem Bundsaum<br \/>\n\u2022 Abgesetzter Kragenansatz (innen, im Nacken)<br \/>\n\u2022 Rohprodukt bezogen aus China oder Bangladesch<\/p>\n<p>Die Gr\u00f6\u00dfen fallen f\u00fcr den US-Markt kleiner aus, daher sollten Kunden aus den USA eine Nummer gr\u00f6\u00dfer bestellen.<\/p>\n","protected":false},"excerpt":{"rendered":"<p>Zeig der Welt, dass du ein echter HipHop-Fan bist mit diesem T-Shirt von Faces Of Rap. Das T-Shirt ist aus hochwertigem Baumwollstoff gefertigt und hat ein cooles Logo mit den Gesichtern der gr\u00f6\u00dften HipHop-Stars aller Zeiten. Ob du ein Fan von Tupac, Biggie, Eminem oder Jay-Z bist, dieses T-Shirt ist das perfekte Geschenk f\u00fcr dich. [&hellip;]<\/p>\n","protected":false},"featured_media":1694,"comment_status":"open","ping_status":"closed","template":"","meta":[],"product_brand":[],"product_cat":[16],"product_tag":[],"class_list":{"0":"post-1675","1":"product","2":"type-product","3":"status-publish","4":"has-post-thumbnail","6":"product_cat-keevisual-clothes","8":"first","9":"instock","10":"shipping-taxable","11":"purchasable","12":"product-type-variable"},"jetpack_sharing_enabled":true,"_links":{"self":[{"href":"https:\/\/keevisual.de\/store\/wp-json\/wp\/v2\/product\/1675","targetHints":{"allow":["GET"]}}],"collection":[{"href":"https:\/\/keevisual.de\/store\/wp-json\/wp\/v2\/product"}],"about":[{"href":"https:\/\/keevisual.de\/store\/wp-json\/wp\/v2\/types\/product"}],"replies":[{"embeddable":true,"href":"https:\/\/keevisual.de\/store\/wp-json\/wp\/v2\/comments?post=1675"}],"wp:featuredmedia":[{"embeddable":true,"href":"https:\/\/keevisual.de\/store\/wp-json\/wp\/v2\/media\/1694"}],"wp:attachment":[{"href":"https:\/\/keevisual.de\/store\/wp-json\/wp\/v2\/media?parent=1675"}],"wp:term":[{"taxonomy":"product_brand","embeddable":true,"href":"https:\/\/keevisual.de\/store\/wp-json\/wp\/v2\/product_brand?post=1675"},{"taxonomy":"product_cat","embeddable":true,"href":"https:\/\/keevisual.de\/store\/wp-json\/wp\/v2\/product_cat?post=1675"},{"taxonomy":"product_tag","embeddable":true,"href":"https:\/\/keevisual.de\/store\/wp-json\/wp\/v2\/product_tag?post=1675"}],"curies":[{"name":"wp","href":"https:\/\/api.w.org\/{rel}","templated":true}]}}