{"id":1698,"date":"2023-08-15T22:45:07","date_gmt":"2023-08-15T20:45:07","guid":{"rendered":"https:\/\/keevisual.de\/store\/produkt\/faces-of-rap-logo-hoodie\/"},"modified":"2023-08-15T22:45:43","modified_gmt":"2023-08-15T20:45:43","slug":"faces-of-rap-logo-hoodie","status":"publish","type":"product","link":"https:\/\/keevisual.de\/store\/produkt\/faces-of-rap-logo-hoodie\/","title":{"rendered":"Faces Of Rap Logo Hoodie"},"content":{"rendered":"<p>Zeig der Welt, dass du ein echter HipHop-Fan bist mit diesem T-Shirt von Faces Of Rap. Das T-Shirt ist aus hochwertigem Baumwollstoff gefertigt und hat ein cooles Logo mit den Gesichtern der gr\u00f6\u00dften HipHop-Stars aller Zeiten. Ob du ein Fan von Tupac, Biggie, Eminem oder Jay-Z bist, dieses T-Shirt ist das perfekte Geschenk f\u00fcr dich.<br \/>\n&#8212;&#8212;&#8212;-<br \/>\nWir stellen vor: Der hochwertige \u00d6ko Kapuzenpullover aus Bio- und recycelten Materialien. Seine bequeme Passform, die Beuteltasche auf der Vorderseite und die doppellagige Kapuze machen den Kapuzenpullover zu einem klassischen Streetwear-Kleidungsst\u00fcck, das sich mit vielen verschiedenen Looks kombinieren l\u00e4sst.<br \/>\n \u2022\u00a085\u00a0% Bio-Baumwolle, 15\u00a0% recyceltes Polyester<br \/>\n \u2022\u00a0Rippung: 97\u00a0%\u00a0Bio-Baumwolle, 3\u00a0% Elasthan<br \/>\n \u2022\u00a0Geb\u00fcrsteter Fleece-Stoff innen<br \/>\n \u2022\u00a0Bequeme Unisex Passform<br \/>\n \u2022\u00a0Doppellagige Kapuze<br \/>\n \u2022\u00a0Flacher Kordelzug mit Metall\u00f6sen f\u00fcr ein angenehmes Tragegef\u00fchl<br \/>\n \u2022 K\u00e4ngurutasche<br \/>\n \u2022\u00a0Innen-\/Au\u00dfenseitiger Aufn\u00e4her f\u00fcr das Branding<br \/>\n \u2022 Abrei\u00dfbares Pflegeetikett<\/p>\n","protected":false},"excerpt":{"rendered":"<p>Zeig der Welt, dass du ein echter HipHop-Fan bist mit diesem T-Shirt von Faces Of Rap. Das T-Shirt ist aus hochwertigem Baumwollstoff gefertigt und hat ein cooles Logo mit den Gesichtern der gr\u00f6\u00dften HipHop-Stars aller Zeiten. Ob du ein Fan von Tupac, Biggie, Eminem oder Jay-Z bist, dieses T-Shirt ist das perfekte Geschenk f\u00fcr dich. [&hellip;]<\/p>\n","protected":false},"featured_media":1717,"comment_status":"open","ping_status":"closed","template":"","meta":[],"product_brand":[],"product_cat":[16],"product_tag":[],"class_list":{"0":"post-1698","1":"product","2":"type-product","3":"status-publish","4":"has-post-thumbnail","6":"product_cat-keevisual-clothes","8":"first","9":"instock","10":"shipping-taxable","11":"purchasable","12":"product-type-variable"},"jetpack_sharing_enabled":true,"_links":{"self":[{"href":"https:\/\/keevisual.de\/store\/wp-json\/wp\/v2\/product\/1698","targetHints":{"allow":["GET"]}}],"collection":[{"href":"https:\/\/keevisual.de\/store\/wp-json\/wp\/v2\/product"}],"about":[{"href":"https:\/\/keevisual.de\/store\/wp-json\/wp\/v2\/types\/product"}],"replies":[{"embeddable":true,"href":"https:\/\/keevisual.de\/store\/wp-json\/wp\/v2\/comments?post=1698"}],"wp:featuredmedia":[{"embeddable":true,"href":"https:\/\/keevisual.de\/store\/wp-json\/wp\/v2\/media\/1717"}],"wp:attachment":[{"href":"https:\/\/keevisual.de\/store\/wp-json\/wp\/v2\/media?parent=1698"}],"wp:term":[{"taxonomy":"product_brand","embeddable":true,"href":"https:\/\/keevisual.de\/store\/wp-json\/wp\/v2\/product_brand?post=1698"},{"taxonomy":"product_cat","embeddable":true,"href":"https:\/\/keevisual.de\/store\/wp-json\/wp\/v2\/product_cat?post=1698"},{"taxonomy":"product_tag","embeddable":true,"href":"https:\/\/keevisual.de\/store\/wp-json\/wp\/v2\/product_tag?post=1698"}],"curies":[{"name":"wp","href":"https:\/\/api.w.org\/{rel}","templated":true}]}}